). Is n(r) composite?
False
Let d = -8 - 27. Is 1 + (-1)/(-1) - d composite?
False
Suppose 3*k + 16 = 5*k. Let u(z) = 2*z**2 + 10*z + 9. Is u(k) prime?
False
Suppose 1 = -3*j + 13. Suppose 5*a + 412 = 3*p, -3*a + 559 = j*p - 0*a. Is p prime?
True
Let n(p) = 85*p + 20. Is n(9) prime?
False
Suppose 0*f - 6*f + 2022 = 0. Is f composite?
False
Let h = 9 + 386. Is h prime?
False
Suppose 6 = 3*t - 12. Suppose -q + t = -2*q. Is q/(-4)*148/6 a prime number?
True
Let t(c) = -c + 2. Let j be t(-2). Suppose -y - 2*g + 63 + 42 = 0, 5*g = j*y - 446. Is y composite?
False
Let o be 44/8 - (-2)/(-4). Suppose m - 3 = 2*b + o, 3*m - b = 39. Is m a prime number?
False
Suppose -3*v + 36 = 3*q - v, 60 = 5*q + 4*v. Let d be 1/(-2) - (-138)/q. Let h = -5 + d. Is h composite?
True
Let l(r) = 2*r**2 - 2*r - 1. Let i(x) = x + 9. Let m be i(-10). Let t be 12*m*4/(-8). Is l(t) a prime number?
True
Suppose 6*w - 15 = w. Suppose -5*f = 3*t - 37 - 420, 247 = w*f - 5*t. Let g = 148 - f. Is g composite?
False
Suppose -3*q + 2*b = 2*q - 6583, -4*q - 4*b + 5244 = 0. Is q composite?
True
Suppose 2*p = -3*h + 823, -4*p + 1205 = -3*h - 486. Is p composite?
False
Let x(m) be the second derivative of -15*m**3 + m**2/2 + 3*m. Is x(-1) a prime number?
False
Suppose 3*i = -0*i + 6. Suppose -4*o - 4*m + 5*m = -57, -5*o - i*m + 55 = 0. Is o prime?
True
Let j(z) = z**3 + 5*z**2 - 2*z - 7. Let i be j(-5). Is 3 + 208*(i - 1) prime?
True
Suppose -a + 109 = -229. Suppose -4*s - 4*x + 6*x = -74, -3*s + 60 = 3*x. Suppose 0 = -3*g + a + s. Is g a prime number?
False
Let i(p) = p**3 - 5*p**2 - 3*p + 5. Let g be i(8). Let t = 262 - g. Is t a composite number?
False
Suppose 6 = h - 17. Is h a composite number?
False
Let y(j) = j**3 + j**2 + j + 59. Let p be -1 + 0/(-1) + 0. Let u = 1 + p. Is y(u) a composite number?
False
Suppose 10 = 4*v - 14. Let q(f) = f**3 - 3*f**2 - 7*f - 5. Let b be q(v). Suppose 5*m - b = -3*a, 0*m - 4*a - 54 = -3*m. Is m a composite number?
True
Let w(m) = m**3 - 5*m**2 - 3*m - 6. Is w(7) a composite number?
False
Let l be (45/(-12))/5*4. Let p(d) = d**3 + d**2 - 4*d. Let b be p(l). Let r = b - -55. Is r prime?
False
Suppose 140 = -0*v + 4*v. Is v a composite number?
True
Suppose 0 = -a - a - 5*j + 235, 2*a - 4*j - 244 = 0. Let r = 395 + a. Is r a composite number?
True
Suppose -2 - 26 = -2*q. Is q prime?
False
Let s = 13 - 9. Suppose -2*z + 142 = 4*i, -17 = z - s*i - 112. Is z a prime number?
True
Let c(r) = -r - 9. Let d = -39 - -28. Let o be c(d). Is o/(-11) - 835/(-55) a prime number?
False
Suppose -5*w = -0*w - 2245. Is w a composite number?
False
Let y(n) = -27*n**3 + n**2 - 2. Suppose 3*o - 7*o - 8 = 0. Is y(o) composite?
True
Let c(y) = -45*y - 8. Is c(-5) prime?
False
Suppose -5*b = 4*n - 2055, 0 = -4*n + 6*n + 10. Is b a prime number?
False
Is 211/(4 - (4 - 1)) a composite number?
False
Let l = 1 + 2. Suppose 0 = 5*k - 2*k + l*m - 1005, -2*k + 674 = m. Is k prime?
False
Is 1672/3 + (-14)/42 composite?
False
Let i be (8/6)/(2/489). Is i/6 - 6/(-9) a prime number?
False
Suppose 101 = -3*r + 455. Is r a prime number?
False
Let t = -64 - -126. Is t prime?
False
Let j = -3 + 1. Let y(t) = -15*t**3 - 2*t**2 - 3. Let r(h) = 29*h**3 + 4*h**2 + 7. Let z(b) = 2*r(b) + 5*y(b). Is z(j) prime?
True
Let h(p) = -2*p - 7. Let w be h(-5). Suppose -243 - 366 = -w*o. Is o composite?
True
Is 320 + (-3)/(0 - -3) a prime number?
False
Suppose j = 5*m + 4*j - 2083, -4*m + 1688 = -3*j. Is m a prime number?
True
Let k be -5 - (2 + (1 - 4)). Let h(i) = 2*i**2 + 6*i. Let d be h(k). Suppose -40 = -d*j + 4*j. Is j composite?
True
Let l(s) = 18*s + 15. Is l(9) prime?
False
Let r be 5 + -2 + 1 + -1. Let h(z) = z**3 - 3*z**2 + 2*z - 1. Let a be h(r). Suppose -427 - 208 = -a*o. Is o a composite number?
False
Suppose 4*f - 2 = 5*f, 25 = 5*i - 5*f. Suppose -4*n = x - i*x - 526, -n = 3*x - 142. Is n composite?
True
Suppose 2*n - n = -3*p + 48, -4*p = -8. Suppose n + 123 = 5*t. Is t a prime number?
False
Let m be (0/2)/1 - 0. Suppose m = -d - 4*c + 87, -3*c + 2*c - 1 = 0. Is d composite?
True
Let s = 74 - -113. Is s composite?
True
Suppose 2*l = -r + 2929, 0 = -5*l + 6 + 14. Is r prime?
False
Suppose f + 0*f = 180. Let x = -20 - 23. Let n = f - x. Is n composite?
False
Let z = -2 + 5. Suppose -5*n - 74 = -3*g - 631, -2*n = -z*g - 545. Let m = g + 258. Is m a composite number?
False
Suppose -z = 3*h - 3629, -2*z - 2 = -0. Suppose h - 30 = 4*a. Is a composite?
True
Let u be (-2)/3 + 64/6. Suppose 0*a + a = 11. Let o = a + u. Is o prime?
False
Suppose -3*x - r = r - 516, -859 = -5*x - 3*r. Let p = x - 57. Is p composite?
False
Is -2 - 64/(-40) - 2014/(-10) composite?
True
Suppose 4*h = 6*h - 266. Is h composite?
True
Suppose 5*c + 6*j = 4*j + 10, -5*j = -4*c + 41. Suppose c*a = t - 139, -2*t - 2*t + 556 = a. Is t a prime number?
True
Suppose 2*v + 232 = -3*i, 0*v - i - 114 = v. Let a = 156 + v. Let m = a + 1. Is m prime?
True
Let a(i) = 22*i**3 + i**2 - i + 1. Let k be a(1). Suppose 3*s + w + 21 = 6*s, 3*w + k = 4*s. Let n = s + 23. Is n composite?
False
Let z(f) be the third derivative of -4*f**4 - f**3/6 + 2*f**2. Is z(-3) composite?
True
Let h = 4 - 6. Let u(r) = -4*r - 2. Let c be u(h). Suppose 0*n + c = n. Is n prime?
False
Let g be 0/(-2) - 4/(-4). Is 1 + 54 + g + -1 prime?
False
Let v = -192 - -302. Suppose -6*z + v = -4*z. Is z composite?
True
Let v(w) be the first derivative of w**4/4 + 10*w**3/3 - w**2/2 - 9*w - 1. Let a be v(-10). Is ((-158)/(-8))/(a/4) a prime number?
True
Suppose 0 = 5*t + 25, -3*u - u + 5 = 3*t. Suppose -u*k + k = -1516. Is k composite?
False
Suppose 3*p = 7*p + 76. Let v = p - -44. Is v composite?
True
Let u(f) = 134*f - 1. Let v be u(1). Let m = v + -68. Is m composite?
True
Suppose 0 = -g - 3*w + 6, w + 1 = 3*g + 3. Suppose -12 = 2*s - 5*s - 4*l, -2*l + 8 = 2*s. Suppose s*b - 60 = -g*b. Is b a prime number?
False
Let k = -5 + 5. Let t(f) = f + 6. Is t(k) prime?
False
Let r(i) = -9*i. Let z be r(5). Let p = -21 - z. Let c = p - 11. Is c a prime number?
True
Let u be (-3)/(-9) - 2/6. Let c(f) = 2*f**2 + 4*f - 9. Let k be c(-10). Suppose 4*q - 4 = -u*q, 5*q = 4*m - k. Is m a prime number?
False
Let s = 6 + -2. Suppose 0 = s*k - 2*k - 86. Is k a prime number?
True
Let x(i) = -i**3 + 6*i**2 + 9*i - 1. Is x(6) a composite number?
False
Suppose 12*v = 7*v + 38105. Is v composite?
False
Suppose 0 = -4*y, 3*y - 3 = -n + 4*y. Suppose 0 = 4*l + 4, -s = -n*s - 4*l + 18. Is s a prime number?
True
Let m = 762 - 319. Is m composite?
False
Let h(x) = -3*x**3 + 3*x**2 - 7*x - 2. Let p = -4 - 0. Let j(s) = -2*s**3 + 3*s**2 - 6*s - 2. Let a(g) = p*j(g) + 3*h(g). Is a(-5) a composite number?
False
Let t(r) = -6*r**3 + 3*r**2 + 2*r + 2. Is t(-3) a prime number?
False
Let d(j) = -j**3 + 14*j**2 + 6*j - 8. Is d(7) composite?
True
Suppose 0 = k - 2*g - 157, 2*k = -k + 3*g + 477. Is k prime?
False
Let w(x) = 96*x + 20. Let l be w(13). Suppose l = 6*o - 2*o. Is o a composite number?
False
Let d(k) = 3*k + 91. Is d(0) a composite number?
True
Suppose 246 = 2*z - 158. Is z a composite number?
True
Suppose -29 = 3*j + 5*d, 4*j + 32 = -0*d - 5*d. Is 233 - (j + 6/2) a prime number?
True
Let u(x) = -x**3 + 5*x**2 + 6*x + 3. Let v be u(6). Suppose 4*w + 5 = -v*n, -w - 15 + 5 = -n. Suppose -n*c + 6 = j, 4*c = 6*c + 6. Is j prime?
False
Suppose -3*j - 9 = 9. Is (74/(-4))/(3/j) a prime number?
True
Suppose -2*y + 365 + 33 = 0. Is y a prime number?
True
Let a be (2 - (-13)/(-4))*4. Let q = 8 + a. Suppose 7*d - 15 = 4*d, q*y + d = 17. Is y a composite number?
True
Suppose -3*v - 2*a = -5325, -4*v - 3*a + 4639 = -2460. Is v a composite number?
False
Suppose -w + 3*c - c = -917, c + 2 = 0. Is w a prime number?
False
Is 12/(-78) - (-2)/((-78)/(-195825)) prime?
True
Suppose 2*v - 280 = -2*v. Suppose v + 89 = 3*b. Is b a prime number?
True
Let k(x) = -10*x**2 - 6*x + 9. Let l(g) = -9*g**2 - 5*g + 8. Let d(p) = 2*k(p) - 3*l(p). Let y be d(5). Is 2/10 + y/5 a composite number?
False
Let j be (4/(-12))/(2/(-186)). Let a(x) = x**3 + 4*x**2 + 4*x + 4. Let r be a(-4). Let g = r + j. Is g prime?
True
Let b(u) be the first derivative of -2*u**2 + 5*u + 4. Let f be b(6). Let x = f + 52. Is x prime?
False
Let n = -709 - -1524. Is n a composite number?
True
Let c be (9 + 0)*(-38)/(-6). Suppose f - c = 25. Is f prime?
